{"id":16,"date":"2019-04-20T20:05:07","date_gmt":"2019-04-20T18:05:07","guid":{"rendered":"http:\/\/samuel-loussouarn.com\/?page_id=16"},"modified":"2023-06-12T15:46:51","modified_gmt":"2023-06-12T13:46:51","slug":"ecrivain","status":"publish","type":"page","link":"https:\/\/samuel-loussouarn.com\/index.php\/ecrivain\/","title":{"rendered":"\u00c9criture"},"content":{"rendered":"<div id=\"fb-root\"><\/div>\n\n<div class=\"wp-block-media-text alignwide is-stacked-on-mobile\" style=\"grid-template-columns:28% auto\"><figure class=\"wp-block-media-text__media\"><img loading=\"lazy\" width=\"400\" height=\"601\" src=\"https:\/\/samuel-loussouarn.com\/wp-content\/uploads\/2023\/06\/Essai-Ntamack-1.jpg\" alt=\"\" class=\"wp-image-811 size-full\" srcset=\"https:\/\/samuel-loussouarn.com\/wp-content\/uploads\/2023\/06\/Essai-Ntamack-1.jpg 400w, https:\/\/samuel-loussouarn.com\/wp-content\/uploads\/2023\/06\/Essai-Ntamack-1-200x300.jpg 200w\" sizes=\"(max-width: 400px) 100vw, 400px\" \/><\/figure><div class=\"wp-block-media-text__content\">\n<p><strong>Essai ! \u2013 Tome 1 : Dans la cour des grands<\/strong><br><br><strong>\u00c9diteur :<\/strong> Michel Lafon<br><strong>Date de parution :<\/strong> 8 juin 2023<br><strong>Genre :<\/strong> sport, com\u00e9die, biographie<br><em>Roman d\u00e8s 9 ans<br>192 pages<\/em><br><br><br><\/p>\n\n\n\n<div class=\"wp-block-button\"><a class=\"wp-block-button__link has-vivid-cyan-blue-background-color has-text-color has-background\" href=\"essai-tome-1-dans-la-cour-des-grands\" style=\"color:#f9f5f5\">D\u00e9couvrir<\/a><\/div>\n<\/div><\/div>\n\n\n\n<div class=\"wp-block-media-text alignwide is-stacked-on-mobile\" style=\"grid-template-columns:28% auto\"><figure class=\"wp-block-media-text__media\"><img loading=\"lazy\" width=\"400\" height=\"536\" src=\"https:\/\/samuel-loussouarn.com\/wp-content\/uploads\/2022\/12\/Les-samourais-et-le-dragon-Tome-1-L-attaque-du-ninja.jpg\" alt=\"\" class=\"wp-image-789 size-full\" srcset=\"https:\/\/samuel-loussouarn.com\/wp-content\/uploads\/2022\/12\/Les-samourais-et-le-dragon-Tome-1-L-attaque-du-ninja.jpg 400w, https:\/\/samuel-loussouarn.com\/wp-content\/uploads\/2022\/12\/Les-samourais-et-le-dragon-Tome-1-L-attaque-du-ninja-224x300.jpg 224w\" sizes=\"(max-width: 400px) 100vw, 400px\" \/><\/figure><div class=\"wp-block-media-text__content\">\n<p><strong>Les samoura\u00efs et le dragon<\/strong><br><br><strong>\u00c9diteur :<\/strong> Fleurus<br><strong>Date de parution :<\/strong> 24 f\u00e9vrier 2023<br><strong>Genre :<\/strong> action, com\u00e9die, \u00e9nigmes<br><em>Roman d\u00e8s 7 ans<br>80 pages<\/em><br><br><br><\/p>\n\n\n\n<div class=\"wp-block-button\"><a class=\"wp-block-button__link has-vivid-cyan-blue-background-color has-text-color has-background\" href=\"https:\/\/samuel-loussouarn.com\/index.php\/les-samourais-et-le-dragon\/\" style=\"color:#f9f5f5\">D\u00e9couvrir<\/a><\/div>\n<\/div><\/div>\n\n\n\n<div class=\"wp-block-media-text alignwide is-stacked-on-mobile\" style=\"grid-template-columns:28% auto\"><figure class=\"wp-block-media-text__media\"><img loading=\"lazy\" width=\"800\" height=\"1024\" src=\"http:\/\/samuel-loussouarn.com\/wp-content\/uploads\/2021\/06\/couverture_livre_surf_sans_sous_titre-800x1024.jpg\" alt=\"\" class=\"wp-image-545 size-full\" srcset=\"https:\/\/samuel-loussouarn.com\/wp-content\/uploads\/2021\/06\/couverture_livre_surf_sans_sous_titre-800x1024.jpg 800w, https:\/\/samuel-loussouarn.com\/wp-content\/uploads\/2021\/06\/couverture_livre_surf_sans_sous_titre-600x768.jpg 600w, https:\/\/samuel-loussouarn.com\/wp-content\/uploads\/2021\/06\/couverture_livre_surf_sans_sous_titre-234x300.jpg 234w, https:\/\/samuel-loussouarn.com\/wp-content\/uploads\/2021\/06\/couverture_livre_surf_sans_sous_titre-768x983.jpg 768w, https:\/\/samuel-loussouarn.com\/wp-content\/uploads\/2021\/06\/couverture_livre_surf_sans_sous_titre-scaled.jpg 2000w\" sizes=\"(max-width: 800px) 100vw, 800px\" \/><\/figure><div class=\"wp-block-media-text__content\">\n<p><strong>Guide du surfeur des ann\u00e9es 80<\/strong><br><br><strong>\u00c9diteur :<\/strong> Autopublication<br><strong>Date de parution :<\/strong> octobre 2021<br><strong>Genre :<\/strong> guide d\u00e9cal\u00e9\/t\u00e9moignage nostalgique<br><em>Documentaire<br>96 pages<\/em><br><br><br><\/p>\n\n\n\n<div class=\"wp-block-button\"><a class=\"wp-block-button__link has-vivid-cyan-blue-background-color has-text-color has-background\" href=\"http:\/\/samuel-loussouarn.com\/?page_id=544&amp;preview=true\" style=\"color:#f9f5f5\">D\u00e9couvrir<\/a><\/div>\n<\/div><\/div>\n\n\n\n<div class=\"wp-block-media-text alignwide is-stacked-on-mobile\" style=\"grid-template-columns:28% auto\"><figure class=\"wp-block-media-text__media\"><img loading=\"lazy\" width=\"672\" height=\"1024\" src=\"http:\/\/samuel-loussouarn.com\/wp-content\/uploads\/2020\/02\/Ma-Playlist-Cover-672x1024.jpg\" alt=\"\" class=\"wp-image-492 size-full\" srcset=\"https:\/\/samuel-loussouarn.com\/wp-content\/uploads\/2020\/02\/Ma-Playlist-Cover-672x1024.jpg 672w, https:\/\/samuel-loussouarn.com\/wp-content\/uploads\/2020\/02\/Ma-Playlist-Cover-600x914.jpg 600w, https:\/\/samuel-loussouarn.com\/wp-content\/uploads\/2020\/02\/Ma-Playlist-Cover-197x300.jpg 197w, https:\/\/samuel-loussouarn.com\/wp-content\/uploads\/2020\/02\/Ma-Playlist-Cover-768x1170.jpg 768w, https:\/\/samuel-loussouarn.com\/wp-content\/uploads\/2020\/02\/Ma-Playlist-Cover-scaled.jpg 1681w\" sizes=\"(max-width: 672px) 100vw, 672px\" \/><\/figure><div class=\"wp-block-media-text__content\">\n<p><strong>Ma playlist pour un French kiss<\/strong><br><br><strong>\u00c9diteur :<\/strong> Nathan<br><strong>Date de parution :<\/strong> 18 mars 2021<br><strong>Genre :<\/strong> com\u00e9die romantique rock\/girl power<br><em>Roman young adult d\u00e8s 13 ans<br>296 pages<\/em><br><br><br><\/p>\n\n\n\n<div class=\"wp-block-button\"><a class=\"wp-block-button__link has-vivid-cyan-blue-background-color has-text-color has-background\" href=\"http:\/\/samuel-loussouarn.com\/index.php\/ma-playlist-pour-un-french-kiss\/\" style=\"color:#f9f5f5\">D\u00e9couvrir<\/a><\/div>\n<\/div><\/div>\n\n\n\n<div class=\"wp-block-media-text alignwide is-stacked-on-mobile\" style=\"grid-template-columns:28% auto\"><figure class=\"wp-block-media-text__media\"><img loading=\"lazy\" width=\"600\" height=\"956\" src=\"http:\/\/samuel-loussouarn.com\/wp-content\/uploads\/2020\/01\/ABA3.jpeg\" alt=\"\" class=\"wp-image-467 size-full\" srcset=\"https:\/\/samuel-loussouarn.com\/wp-content\/uploads\/2020\/01\/ABA3.jpeg 600w, https:\/\/samuel-loussouarn.com\/wp-content\/uploads\/2020\/01\/ABA3-188x300.jpeg 188w\" sizes=\"(max-width: 600px) 100vw, 600px\" \/><\/figure><div class=\"wp-block-media-text__content\">\n<p><strong>All Blacks Academy \u2013 Tome 3 : Un tournoi inoubliable<\/strong><br><br><strong>\u00c9diteur :<\/strong> Hachette Romans Jeunesse<br><strong>Date de parution :<\/strong> 22 janvier 2020<br><strong>Genre :<\/strong> action, com\u00e9die<br><em>Roman junior d\u00e8s 9 ans<br>143 pages<\/em><br><br><br><\/p>\n\n\n\n<div class=\"wp-block-button\"><a class=\"wp-block-button__link has-vivid-cyan-blue-background-color has-text-color has-background\" href=\"http:\/\/samuel-loussouarn.com\/index.php\/all-blacks-academy-tome-3-un-tournoi-inoubliable\/\" style=\"color:#f9f5f5\">D\u00e9couvrir<\/a><\/div>\n<\/div><\/div>\n\n\n\n<div class=\"wp-block-media-text alignwide is-stacked-on-mobile\" style=\"grid-template-columns:28% auto\"><figure class=\"wp-block-media-text__media\"><img loading=\"lazy\" width=\"642\" height=\"1024\" src=\"http:\/\/samuel-loussouarn.com\/wp-content\/uploads\/2019\/04\/AB-tome21-1-1-642x1024.jpg\" alt=\"\" class=\"wp-image-190 size-full\" srcset=\"https:\/\/samuel-loussouarn.com\/wp-content\/uploads\/2019\/04\/AB-tome21-1-1-642x1024.jpg 642w, https:\/\/samuel-loussouarn.com\/wp-content\/uploads\/2019\/04\/AB-tome21-1-1-600x957.jpg 600w, https:\/\/samuel-loussouarn.com\/wp-content\/uploads\/2019\/04\/AB-tome21-1-1-188x300.jpg 188w, https:\/\/samuel-loussouarn.com\/wp-content\/uploads\/2019\/04\/AB-tome21-1-1-768x1225.jpg 768w, https:\/\/samuel-loussouarn.com\/wp-content\/uploads\/2019\/04\/AB-tome21-1-1.jpg 1592w\" sizes=\"(max-width: 642px) 100vw, 642px\" \/><\/figure><div class=\"wp-block-media-text__content\">\n<p><strong>All Blacks Academy \u2013 Tome 2 : Voyage en terre de rugby<\/strong><br><br><strong>\u00c9diteur :<\/strong> Hachette Romans Jeunesse<br><strong>Date de parution :<\/strong> 28 ao\u00fbt 2019<br><strong>Genre :<\/strong> action, com\u00e9die<br><em>Roman junior d\u00e8s 9 ans<br>176 pages<\/em><br><br><br><\/p>\n\n\n\n<div class=\"wp-block-button\"><a class=\"wp-block-button__link has-vivid-cyan-blue-background-color has-text-color has-background\" href=\"http:\/\/samuel-loussouarn.com\/index.php\/all-blacks-academy-tome-2-voyage-en-terre-de-rugby\/\" style=\"color:#f9f5f5\">D\u00e9couvrir<\/a><\/div>\n<\/div><\/div>\n\n\n\n<div class=\"wp-block-media-text alignwide is-stacked-on-mobile\" style=\"grid-template-columns:28% auto\"><figure class=\"wp-block-media-text__media\"><img loading=\"lazy\" width=\"642\" height=\"1024\" src=\"http:\/\/samuel-loussouarn.com\/wp-content\/uploads\/2019\/04\/AB-tome12-1-2-642x1024.jpg\" alt=\"\" class=\"wp-image-189 size-full\" srcset=\"https:\/\/samuel-loussouarn.com\/wp-content\/uploads\/2019\/04\/AB-tome12-1-2-642x1024.jpg 642w, https:\/\/samuel-loussouarn.com\/wp-content\/uploads\/2019\/04\/AB-tome12-1-2-600x957.jpg 600w, https:\/\/samuel-loussouarn.com\/wp-content\/uploads\/2019\/04\/AB-tome12-1-2-188x300.jpg 188w, https:\/\/samuel-loussouarn.com\/wp-content\/uploads\/2019\/04\/AB-tome12-1-2-768x1225.jpg 768w, https:\/\/samuel-loussouarn.com\/wp-content\/uploads\/2019\/04\/AB-tome12-1-2.jpg 1592w\" sizes=\"(max-width: 642px) 100vw, 642px\" \/><\/figure><div class=\"wp-block-media-text__content\">\n<p><strong>All Blacks Academy \u2013 Tome 1 : Un r\u00eave de champion<\/strong><br><br><strong>\u00c9diteur :<\/strong> Hachette Romans Jeunesse<br><strong>Date de parution :<\/strong> 28 ao\u00fbt 2019<br><strong>Genre :<\/strong> action, com\u00e9die<br><em>Roman junior d\u00e8s 9 ans<br>176 pages<\/em><br><br><br><\/p>\n\n\n\n<div class=\"wp-block-button\"><a class=\"wp-block-button__link has-vivid-cyan-blue-background-color has-text-color has-background\" href=\"http:\/\/samuel-loussouarn.com\/index.php\/all-black-academy-tome-1-un-reve-de-champion\/\" style=\"color:#f7f4f4\">D\u00e9couvrir<\/a><\/div>\n<\/div><\/div>\n","protected":false},"excerpt":{"rendered":"","protected":false},"author":1,"featured_media":0,"parent":0,"menu_order":0,"comment_status":"closed","ping_status":"closed","template":"nosidebar-page.php","meta":{"spay_email":""},"_links":{"self":[{"href":"https:\/\/samuel-loussouarn.com\/index.php\/wp-json\/wp\/v2\/pages\/16"}],"collection":[{"href":"https:\/\/samuel-loussouarn.com\/index.php\/wp-json\/wp\/v2\/pages"}],"about":[{"href":"https:\/\/samuel-loussouarn.com\/index.php\/wp-json\/wp\/v2\/types\/page"}],"author":[{"embeddable":true,"href":"https:\/\/samuel-loussouarn.com\/index.php\/wp-json\/wp\/v2\/users\/1"}],"replies":[{"embeddable":true,"href":"https:\/\/samuel-loussouarn.com\/index.php\/wp-json\/wp\/v2\/comments?post=16"}],"version-history":[{"count":53,"href":"https:\/\/samuel-loussouarn.com\/index.php\/wp-json\/wp\/v2\/pages\/16\/revisions"}],"predecessor-version":[{"id":816,"href":"https:\/\/samuel-loussouarn.com\/index.php\/wp-json\/wp\/v2\/pages\/16\/revisions\/816"}],"wp:attachment":[{"href":"https:\/\/samuel-loussouarn.com\/index.php\/wp-json\/wp\/v2\/media?parent=16"}],"curies":[{"name":"wp","href":"https:\/\/api.w.org\/{rel}","templated":true}]}}