{"id":258,"date":"2019-05-01T19:01:26","date_gmt":"2019-05-01T17:01:26","guid":{"rendered":"http:\/\/samuel-loussouarn.com\/?page_id=258"},"modified":"2022-09-06T15:21:24","modified_gmt":"2022-09-06T13:21:24","slug":"autres","status":"publish","type":"page","link":"https:\/\/samuel-loussouarn.com\/index.php\/autres\/","title":{"rendered":"Non-fiction"},"content":{"rendered":"<div id=\"fb-root\"><\/div>\n\n<div class=\"wp-block-media-text alignwide is-stacked-on-mobile\" style=\"grid-template-columns:28% auto\"><figure class=\"wp-block-media-text__media\"><img loading=\"lazy\" width=\"400\" height=\"545\" src=\"http:\/\/samuel-loussouarn.com\/wp-content\/uploads\/2019\/05\/atlas-des-animaux.jpeg\" alt=\"\" class=\"wp-image-228 size-full\" srcset=\"https:\/\/samuel-loussouarn.com\/wp-content\/uploads\/2019\/05\/atlas-des-animaux.jpeg 400w, https:\/\/samuel-loussouarn.com\/wp-content\/uploads\/2019\/05\/atlas-des-animaux-220x300.jpeg 220w\" sizes=\"(max-width: 400px) 100vw, 400px\" \/><\/figure><div class=\"wp-block-media-text__content\">\n<p><strong>L&#8217;atlas des animaux<\/strong><br>(The Amazing Animal Atlas, de Nick Crumpton, ill. de Ga\u00efa Bordicchia)<br><strong>\u00c9diteur :<\/strong> Larousse Jeunesse<br><strong>Date de parution :<\/strong> 04\/10\/2017<br><strong>ISBN :<\/strong> 978-2035945426<br><strong>Genre :<\/strong> documentaire<br><em>D\u00e8s 6 ans<br>64 pages<\/em><br><br><br><\/p>\n\n\n\n<div class=\"wp-block-button\"><a class=\"wp-block-button__link has-vivid-cyan-blue-background-color has-text-color has-background\" href=\"https:\/\/www.librairiesindependantes.com\/product\/9782035945426\/\" style=\"color:#f9f5f5\" target=\"_blank\" rel=\"noopener noreferrer\">En vente ici<br><\/a><\/div>\n<\/div><\/div>\n\n\n\n<div class=\"wp-block-media-text alignwide is-stacked-on-mobile\" style=\"grid-template-columns:28% auto\"><figure class=\"wp-block-media-text__media\"><img loading=\"lazy\" width=\"400\" height=\"489\" src=\"http:\/\/samuel-loussouarn.com\/wp-content\/uploads\/2019\/05\/pirates-a\u0300-la-loupe.jpeg\" alt=\"\" class=\"wp-image-230 size-full\" srcset=\"https:\/\/samuel-loussouarn.com\/wp-content\/uploads\/2019\/05\/pirates-a\u0300-la-loupe.jpeg 400w, https:\/\/samuel-loussouarn.com\/wp-content\/uploads\/2019\/05\/pirates-a\u0300-la-loupe-245x300.jpeg 245w\" sizes=\"(max-width: 400px) 100vw, 400px\" \/><\/figure><div class=\"wp-block-media-text__content\">\n<p><strong>Pirates \u00e0 la loupe<\/strong><br>(Pirates Magnified, de David Long, ill. de Harry Bloom)<br><strong>\u00c9diteur :<\/strong> Larousse Jeunesse<br><strong>Date de parution :<\/strong> 04\/10\/2017<br><strong>ISBN :<\/strong> 978-2035945440<br><strong>Genre :<\/strong> documentaire<br><em>D\u00e8s 6 ans<br>48 pages<\/em><br><br><br><\/p>\n\n\n\n<div class=\"wp-block-button\"><a class=\"wp-block-button__link has-vivid-cyan-blue-background-color has-text-color has-background\" href=\"https:\/\/www.librairiesindependantes.com\/product\/9782035945440\/\" style=\"color:#f9f5f5\" target=\"_blank\" rel=\"noopener noreferrer\">En vente ici<br><\/a><\/div>\n<\/div><\/div>\n\n\n\n<div class=\"wp-block-media-text alignwide is-stacked-on-mobile\" style=\"grid-template-columns:28% auto\"><figure class=\"wp-block-media-text__media\"><img loading=\"lazy\" width=\"400\" height=\"348\" src=\"http:\/\/samuel-loussouarn.com\/wp-content\/uploads\/2019\/05\/age-de-glace-album-3D.jpeg\" alt=\"\" class=\"wp-image-246 size-full\" srcset=\"https:\/\/samuel-loussouarn.com\/wp-content\/uploads\/2019\/05\/age-de-glace-album-3D.jpeg 400w, https:\/\/samuel-loussouarn.com\/wp-content\/uploads\/2019\/05\/age-de-glace-album-3D-300x261.jpeg 300w, https:\/\/samuel-loussouarn.com\/wp-content\/uploads\/2019\/05\/age-de-glace-album-3D-345x300.jpeg 345w\" sizes=\"(max-width: 400px) 100vw, 400px\" \/><\/figure><div class=\"wp-block-media-text__content\">\n<p><strong>L&#8217;\u00e2ge de glace \u2013 Les lois de l&#8217;univers (Album 3D)<\/strong><br>(Ice Age Collision Course AR Book, de Emily Stead)<br><strong>\u00c9diteur :<\/strong> Larousse Jeunesse<br><strong>Date de parution :<\/strong> 28\/09\/2016<br><strong>ISBN :<\/strong> 978-2035930712<br><strong>Genre :<\/strong> r\u00e9alit\u00e9 augment\u00e9e<br><em>D\u00e8s 6 ans<br>32 pages<\/em><br><br><br><\/p>\n\n\n\n<div class=\"wp-block-button\"><a class=\"wp-block-button__link has-vivid-cyan-blue-background-color has-text-color has-background\" href=\"https:\/\/livre.fnac.com\/a9847291\/L-age-de-glace-Album-3D-Realite-augmentee-L-Age-de-glace-les-lois-de-l-Univers-Album-3D-Emily-Stead?omnsearchpos=1\" style=\"color:#f9f5f5\" target=\"_blank\" rel=\"noopener noreferrer\">En vente ici<br><\/a><\/div>\n<\/div><\/div>\n\n\n\n<div class=\"wp-block-media-text alignwide is-stacked-on-mobile\" style=\"grid-template-columns:28% auto\"><figure class=\"wp-block-media-text__media\"><img loading=\"lazy\" width=\"400\" height=\"513\" src=\"http:\/\/samuel-loussouarn.com\/wp-content\/uploads\/2019\/05\/age-de-glace-cahier-cre\u0301atif.jpeg\" alt=\"\" class=\"wp-image-243 size-full\" srcset=\"https:\/\/samuel-loussouarn.com\/wp-content\/uploads\/2019\/05\/age-de-glace-cahier-cre\u0301atif.jpeg 400w, https:\/\/samuel-loussouarn.com\/wp-content\/uploads\/2019\/05\/age-de-glace-cahier-cre\u0301atif-234x300.jpeg 234w\" sizes=\"(max-width: 400px) 100vw, 400px\" \/><\/figure><div class=\"wp-block-media-text__content\">\n<p><strong>L&#8217;\u00e2ge de glace \u2013 Les lois de l&#8217;univers (Mon cahier cr\u00e9atif)<\/strong><br>(Creativity Ice Age Collision Course, de Emily Stead)<br><strong>\u00c9diteur :<\/strong> Larousse Jeunesse<br><strong>Date de parution :<\/strong> 14\/09\/2016<br><strong>ISBN :<\/strong> 978-2035933607<br><strong>Genre :<\/strong> carnet d&#8217;activit\u00e9s<br><em>D\u00e8s 6 ans<br>72 pages<\/em><br><br><br><\/p>\n\n\n\n<div class=\"wp-block-button\"><a class=\"wp-block-button__link has-vivid-cyan-blue-background-color has-text-color has-background\" href=\"https:\/\/livre.fnac.com\/a9847292\/L-age-de-glace-Cahier-d-activites-L-Age-de-glace-les-lois-de-l-univers-Le-cahier-d-activites-Emily-Stead?omnsearchpos=1\" style=\"color:#f9f5f5\" target=\"_blank\" rel=\"noopener noreferrer\">En vente ici<br><\/a><\/div>\n<\/div><\/div>\n\n\n\n<div class=\"wp-block-media-text alignwide is-stacked-on-mobile\" style=\"grid-template-columns:28% auto\"><figure class=\"wp-block-media-text__media\"><img loading=\"lazy\" width=\"340\" height=\"340\" src=\"http:\/\/samuel-loussouarn.com\/wp-content\/uploads\/2019\/05\/carnet-de-ouf-2.jpg\" alt=\"\" class=\"wp-image-240 size-full\" srcset=\"https:\/\/samuel-loussouarn.com\/wp-content\/uploads\/2019\/05\/carnet-de-ouf-2.jpg 340w, https:\/\/samuel-loussouarn.com\/wp-content\/uploads\/2019\/05\/carnet-de-ouf-2-300x300.jpg 300w, https:\/\/samuel-loussouarn.com\/wp-content\/uploads\/2019\/05\/carnet-de-ouf-2-100x100.jpg 100w, https:\/\/samuel-loussouarn.com\/wp-content\/uploads\/2019\/05\/carnet-de-ouf-2-150x150.jpg 150w\" sizes=\"(max-width: 340px) 100vw, 340px\" \/><\/figure><div class=\"wp-block-media-text__content\">\n<p><strong>Mon carnet de ouf 2 !<\/strong><br>(The Upside-Down Book, de Elle Anna Brett)<br><strong>\u00c9diteur :<\/strong> Larousse Jeunesse<br><strong>Date de parution :<\/strong> 08\/06\/2016<br><strong>ISBN :<\/strong> 978-2035927736<br><strong>Genre :<\/strong> carnet d&#8217;activit\u00e9s<br><em>D\u00e8s 6 ans<br>144 pages<\/em><br><br><br><\/p>\n\n\n\n<div class=\"wp-block-button\"><a class=\"wp-block-button__link has-vivid-cyan-blue-background-color has-text-color has-background\" href=\"https:\/\/livre.fnac.com\/a9601720\/Collectif-Mon-carnet-de-ouf?omnsearchpos=1\" style=\"color:#f9f5f5\" target=\"_blank\" rel=\"noopener noreferrer\">En vente ici<br><\/a><\/div>\n<\/div><\/div>\n\n\n\n<div class=\"wp-block-media-text alignwide is-stacked-on-mobile\" style=\"grid-template-columns:28% auto\"><figure class=\"wp-block-media-text__media\"><img loading=\"lazy\" width=\"400\" height=\"689\" src=\"http:\/\/samuel-loussouarn.com\/wp-content\/uploads\/2019\/05\/carnet-de-ouf-1.jpg\" alt=\"\" class=\"wp-image-237 size-full\" srcset=\"https:\/\/samuel-loussouarn.com\/wp-content\/uploads\/2019\/05\/carnet-de-ouf-1.jpg 400w, https:\/\/samuel-loussouarn.com\/wp-content\/uploads\/2019\/05\/carnet-de-ouf-1-174x300.jpg 174w\" sizes=\"(max-width: 400px) 100vw, 400px\" \/><\/figure><div class=\"wp-block-media-text__content\">\n<p><strong>Mon carnet de ouf !<\/strong><br>(Koob: The Backwards Book, de Elle Anna Brett)<br><strong>\u00c9diteur :<\/strong> Larousse Jeunesse<br><strong>Date de parution :<\/strong> 07\/10\/2015<br><strong>ISBN :<\/strong> 978-2035924308<br><strong>Genre :<\/strong> carnet d&#8217;activit\u00e9s<br><em>D\u00e8s 6 ans<br>144 pages<\/em><br><br><br><\/p>\n\n\n\n<div class=\"wp-block-button\"><a class=\"wp-block-button__link has-vivid-cyan-blue-background-color has-text-color has-background\" href=\"https:\/\/livre.fnac.com\/a8848634\/Collectif-Mon-carnet-de-Ouf?omnsearchpos=1\" style=\"color:#f9f5f5\" target=\"_blank\" rel=\"noopener noreferrer\">En vente ici<br><\/a><\/div>\n<\/div><\/div>\n\n\n\n<p><\/p>\n","protected":false},"excerpt":{"rendered":"","protected":false},"author":1,"featured_media":0,"parent":0,"menu_order":0,"comment_status":"closed","ping_status":"closed","template":"nosidebar-page.php","meta":{"spay_email":""},"_links":{"self":[{"href":"https:\/\/samuel-loussouarn.com\/index.php\/wp-json\/wp\/v2\/pages\/258"}],"collection":[{"href":"https:\/\/samuel-loussouarn.com\/index.php\/wp-json\/wp\/v2\/pages"}],"about":[{"href":"https:\/\/samuel-loussouarn.com\/index.php\/wp-json\/wp\/v2\/types\/page"}],"author":[{"embeddable":true,"href":"https:\/\/samuel-loussouarn.com\/index.php\/wp-json\/wp\/v2\/users\/1"}],"replies":[{"embeddable":true,"href":"https:\/\/samuel-loussouarn.com\/index.php\/wp-json\/wp\/v2\/comments?post=258"}],"version-history":[{"count":8,"href":"https:\/\/samuel-loussouarn.com\/index.php\/wp-json\/wp\/v2\/pages\/258\/revisions"}],"predecessor-version":[{"id":782,"href":"https:\/\/samuel-loussouarn.com\/index.php\/wp-json\/wp\/v2\/pages\/258\/revisions\/782"}],"wp:attachment":[{"href":"https:\/\/samuel-loussouarn.com\/index.php\/wp-json\/wp\/v2\/media?parent=258"}],"curies":[{"name":"wp","href":"https:\/\/api.w.org\/{rel}","templated":true}]}}

<div id="fb-root"></div>

<div class="wp-block-media-text alignwide is-stacked-on-mobile" style="grid-template-columns:28% auto"><figure class="wp-block-media-text__media"><img loading="lazy" width="400" height="545" src="http://samuel-loussouarn.com/wp-content/uploads/2019/05/atlas-des-animaux.jpeg" alt="" class="wp-image-228 size-full" srcset="https://samuel-loussouarn.com/wp-content/uploads/2019/05/atlas-des-animaux.jpeg 400w, https://samuel-loussouarn.com/wp-content/uploads/2019/05/atlas-des-animaux-220x300.jpeg 220w" sizes="(max-width: 400px) 100vw, 400px" /></figure><div class="wp-block-media-text__content">
<p><strong>L&#8217;atlas des animaux</strong><br>(The Amazing Animal Atlas, de Nick Crumpton, ill. de Gaïa Bordicchia)<br><strong>Éditeur :</strong> Larousse Jeunesse<br><strong>Date de parution :</strong> 04/10/2017<br><strong>ISBN :</strong> 978-2035945426<br><strong>Genre :</strong> documentaire<br><em>Dès 6 ans<br>64 pages</em><br><br><br></p>



<div class="wp-block-button"><a class="wp-block-button__link has-vivid-cyan-blue-background-color has-text-color has-background" href="https://www.librairiesindependantes.com/product/9782035945426/" style="color:#f9f5f5" target="_blank" rel="noopener noreferrer">En vente ici<br></a></div>
</div></div>



<div class="wp-block-media-text alignwide is-stacked-on-mobile" style="grid-template-columns:28% auto"><figure class="wp-block-media-text__media"><img loading="lazy" width="400" height="489" src="http://samuel-loussouarn.com/wp-content/uploads/2019/05/pirates-à-la-loupe.jpeg" alt="" class="wp-image-230 size-full" srcset="https://samuel-loussouarn.com/wp-content/uploads/2019/05/pirates-à-la-loupe.jpeg 400w, https://samuel-loussouarn.com/wp-content/uploads/2019/05/pirates-à-la-loupe-245x300.jpeg 245w" sizes="(max-width: 400px) 100vw, 400px" /></figure><div class="wp-block-media-text__content">
<p><strong>Pirates à la loupe</strong><br>(Pirates Magnified, de David Long, ill. de Harry Bloom)<br><strong>Éditeur :</strong> Larousse Jeunesse<br><strong>Date de parution :</strong> 04/10/2017<br><strong>ISBN :</strong> 978-2035945440<br><strong>Genre :</strong> documentaire<br><em>Dès 6 ans<br>48 pages</em><br><br><br></p>



<div class="wp-block-button"><a class="wp-block-button__link has-vivid-cyan-blue-background-color has-text-color has-background" href="https://www.librairiesindependantes.com/product/9782035945440/" style="color:#f9f5f5" target="_blank" rel="noopener noreferrer">En vente ici<br></a></div>
</div></div>



<div class="wp-block-media-text alignwide is-stacked-on-mobile" style="grid-template-columns:28% auto"><figure class="wp-block-media-text__media"><img loading="lazy" width="400" height="348" src="http://samuel-loussouarn.com/wp-content/uploads/2019/05/age-de-glace-album-3D.jpeg" alt="" class="wp-image-246 size-full" srcset="https://samuel-loussouarn.com/wp-content/uploads/2019/05/age-de-glace-album-3D.jpeg 400w, https://samuel-loussouarn.com/wp-content/uploads/2019/05/age-de-glace-album-3D-300x261.jpeg 300w, https://samuel-loussouarn.com/wp-content/uploads/2019/05/age-de-glace-album-3D-345x300.jpeg 345w" sizes="(max-width: 400px) 100vw, 400px" /></figure><div class="wp-block-media-text__content">
<p><strong>L&#8217;âge de glace – Les lois de l&#8217;univers (Album 3D)</strong><br>(Ice Age Collision Course AR Book, de Emily Stead)<br><strong>Éditeur :</strong> Larousse Jeunesse<br><strong>Date de parution :</strong> 28/09/2016<br><strong>ISBN :</strong> 978-2035930712<br><strong>Genre :</strong> réalité augmentée<br><em>Dès 6 ans<br>32 pages</em><br><br><br></p>



<div class="wp-block-button"><a class="wp-block-button__link has-vivid-cyan-blue-background-color has-text-color has-background" href="https://livre.fnac.com/a9847291/L-age-de-glace-Album-3D-Realite-augmentee-L-Age-de-glace-les-lois-de-l-Univers-Album-3D-Emily-Stead?omnsearchpos=1" style="color:#f9f5f5" target="_blank" rel="noopener noreferrer">En vente ici<br></a></div>
</div></div>



<div class="wp-block-media-text alignwide is-stacked-on-mobile" style="grid-template-columns:28% auto"><figure class="wp-block-media-text__media"><img loading="lazy" width="400" height="513" src="http://samuel-loussouarn.com/wp-content/uploads/2019/05/age-de-glace-cahier-créatif.jpeg" alt="" class="wp-image-243 size-full" srcset="https://samuel-loussouarn.com/wp-content/uploads/2019/05/age-de-glace-cahier-créatif.jpeg 400w, https://samuel-loussouarn.com/wp-content/uploads/2019/05/age-de-glace-cahier-créatif-234x300.jpeg 234w" sizes="(max-width: 400px) 100vw, 400px" /></figure><div class="wp-block-media-text__content">
<p><strong>L&#8217;âge de glace – Les lois de l&#8217;univers (Mon cahier créatif)</strong><br>(Creativity Ice Age Collision Course, de Emily Stead)<br><strong>Éditeur :</strong> Larousse Jeunesse<br><strong>Date de parution :</strong> 14/09/2016<br><strong>ISBN :</strong> 978-2035933607<br><strong>Genre :</strong> carnet d&#8217;activités<br><em>Dès 6 ans<br>72 pages</em><br><br><br></p>



<div class="wp-block-button"><a class="wp-block-button__link has-vivid-cyan-blue-background-color has-text-color has-background" href="https://livre.fnac.com/a9847292/L-age-de-glace-Cahier-d-activites-L-Age-de-glace-les-lois-de-l-univers-Le-cahier-d-activites-Emily-Stead?omnsearchpos=1" style="color:#f9f5f5" target="_blank" rel="noopener noreferrer">En vente ici<br></a></div>
</div></div>



<div class="wp-block-media-text alignwide is-stacked-on-mobile" style="grid-template-columns:28% auto"><figure class="wp-block-media-text__media"><img loading="lazy" width="340" height="340" src="http://samuel-loussouarn.com/wp-content/uploads/2019/05/carnet-de-ouf-2.jpg" alt="" class="wp-image-240 size-full" srcset="https://samuel-loussouarn.com/wp-content/uploads/2019/05/carnet-de-ouf-2.jpg 340w, https://samuel-loussouarn.com/wp-content/uploads/2019/05/carnet-de-ouf-2-300x300.jpg 300w, https://samuel-loussouarn.com/wp-content/uploads/2019/05/carnet-de-ouf-2-100x100.jpg 100w, https://samuel-loussouarn.com/wp-content/uploads/2019/05/carnet-de-ouf-2-150x150.jpg 150w" sizes="(max-width: 340px) 100vw, 340px" /></figure><div class="wp-block-media-text__content">
<p><strong>Mon carnet de ouf 2 !</strong><br>(The Upside-Down Book, de Elle Anna Brett)<br><strong>Éditeur :</strong> Larousse Jeunesse<br><strong>Date de parution :</strong> 08/06/2016<br><strong>ISBN :</strong> 978-2035927736<br><strong>Genre :</strong> carnet d&#8217;activités<br><em>Dès 6 ans<br>144 pages</em><br><br><br></p>



<div class="wp-block-button"><a class="wp-block-button__link has-vivid-cyan-blue-background-color has-text-color has-background" href="https://livre.fnac.com/a9601720/Collectif-Mon-carnet-de-ouf?omnsearchpos=1" style="color:#f9f5f5" target="_blank" rel="noopener noreferrer">En vente ici<br></a></div>
</div></div>



<div class="wp-block-media-text alignwide is-stacked-on-mobile" style="grid-template-columns:28% auto"><figure class="wp-block-media-text__media"><img loading="lazy" width="400" height="689" src="http://samuel-loussouarn.com/wp-content/uploads/2019/05/carnet-de-ouf-1.jpg" alt="" class="wp-image-237 size-full" srcset="https://samuel-loussouarn.com/wp-content/uploads/2019/05/carnet-de-ouf-1.jpg 400w, https://samuel-loussouarn.com/wp-content/uploads/2019/05/carnet-de-ouf-1-174x300.jpg 174w" sizes="(max-width: 400px) 100vw, 400px" /></figure><div class="wp-block-media-text__content">
<p><strong>Mon carnet de ouf !</strong><br>(Koob: The Backwards Book, de Elle Anna Brett)<br><strong>Éditeur :</strong> Larousse Jeunesse<br><strong>Date de parution :</strong> 07/10/2015<br><strong>ISBN :</strong> 978-2035924308<br><strong>Genre :</strong> carnet d&#8217;activités<br><em>Dès 6 ans<br>144 pages</em><br><br><br></p>



<div class="wp-block-button"><a class="wp-block-button__link has-vivid-cyan-blue-background-color has-text-color has-background" href="https://livre.fnac.com/a8848634/Collectif-Mon-carnet-de-Ouf?omnsearchpos=1" style="color:#f9f5f5" target="_blank" rel="noopener noreferrer">En vente ici<br></a></div>
</div></div>



<p></p>
