{"id":822,"date":"2023-07-27T10:38:20","date_gmt":"2023-07-27T08:38:20","guid":{"rendered":"https:\/\/samuel-loussouarn.com\/?page_id=822"},"modified":"2025-10-29T16:58:14","modified_gmt":"2025-10-29T15:58:14","slug":"scenariste-realisateur","status":"publish","type":"page","link":"https:\/\/samuel-loussouarn.com\/index.php\/scenariste-realisateur\/","title":{"rendered":"Cin\u00e9ma"},"content":{"rendered":"<div id=\"fb-root\"><\/div>\n\n<p><strong>2023 \u2013 Un Coca, deux pailles \u2013 Sc\u00e9nario, r\u00e9alisation, montage, composition<\/strong><\/p>\n\n\n\n<p>Court-m\u00e9trage autoproduit (7&#8217;17 min). R\u00e9alis\u00e9 dans le cadre du Labo de Creative Maker.<\/p>\n\n\n\n<p><em>Un homme et une femme sont dans un caf\u00e9.<\/em><br><em>C\u2019est un rendez-vous amoureux.<br>On dirait une mise en sc\u00e8ne.<br>On dirait deux adolescents\u2026<\/em><\/p>\n\n\n\n<p>Festivals : <\/p>\n\n\n\n<p>01\/2024 Kino Pop Paname, Paris<br>02\/2024 Courts en Folie, Angers<br>03\/2024 P\u2019tits Beurres Festival, Le Croisic<br>03\/2024 Les Clayes du Cin\u00e9ma, Les Clayes-sous-Bois<br>04\/2024 La Nuit du Court M\u00e9trage, Paris (hors comp\u00e9tition)<br>05\/2024 Montre Ton Court, Rez\u00e9<br>06\/2024 Les Rencontres du Cin\u00e9ma, Mirepeisset<br>09\/2024 Hotmilk Film Festival, Cholet<br>10\/2024 Attic Film Festival, Newcastle Emlyn, Pays de Galles<br>11\/2024 The Bay International Film Festival, Morecambe, Angleterre<br>03\/2025 Festival de courts m\u00e9trages Eden 3, Ancenis<br>04\/2025 Soir\u00e9e Clap, Nantes<\/p>\n\n\n\n<p><\/p>\n\n\n\n<div class=\"wp-block-jetpack-tiled-gallery aligncenter is-style-rectangular\"><div class=\"tiled-gallery__gallery\"><div class=\"tiled-gallery__row\"><div class=\"tiled-gallery__col\" style=\"flex-basis:25.72859%\"><figure class=\"tiled-gallery__item\"><img srcset=\"https:\/\/i1.wp.com\/samuel-loussouarn.com\/wp-content\/uploads\/2023\/12\/2143_poster-1.jpg?strip=info&#038;w=600&#038;ssl=1 600w,https:\/\/i1.wp.com\/samuel-loussouarn.com\/wp-content\/uploads\/2023\/12\/2143_poster-1.jpg?strip=info&#038;w=900&#038;ssl=1 900w,https:\/\/i1.wp.com\/samuel-loussouarn.com\/wp-content\/uploads\/2023\/12\/2143_poster-1.jpg?strip=info&#038;w=1133&#038;ssl=1 1133w\" alt=\"\" data-height=\"1700\" data-id=\"859\" data-link=\"https:\/\/samuel-loussouarn.com\/index.php\/scenariste-realisateur\/2143_poster-1\/\" data-url=\"https:\/\/samuel-loussouarn.com\/wp-content\/uploads\/2023\/12\/2143_poster-1.jpg\" data-width=\"1133\" src=\"https:\/\/i1.wp.com\/samuel-loussouarn.com\/wp-content\/uploads\/2023\/12\/2143_poster-1.jpg?ssl=1\" data-amp-layout=\"responsive\"\/><\/figure><\/div><div class=\"tiled-gallery__col\" style=\"flex-basis:74.27141%\"><figure class=\"tiled-gallery__item\"><img srcset=\"https:\/\/i0.wp.com\/samuel-loussouarn.com\/wp-content\/uploads\/2023\/12\/1315_thumb.png?strip=info&#038;w=600&#038;ssl=1 600w,https:\/\/i0.wp.com\/samuel-loussouarn.com\/wp-content\/uploads\/2023\/12\/1315_thumb.png?strip=info&#038;w=900&#038;ssl=1 900w,https:\/\/i0.wp.com\/samuel-loussouarn.com\/wp-content\/uploads\/2023\/12\/1315_thumb.png?strip=info&#038;w=1200&#038;ssl=1 1200w,https:\/\/i0.wp.com\/samuel-loussouarn.com\/wp-content\/uploads\/2023\/12\/1315_thumb.png?strip=info&#038;w=1500&#038;ssl=1 1500w,https:\/\/i0.wp.com\/samuel-loussouarn.com\/wp-content\/uploads\/2023\/12\/1315_thumb.png?strip=info&#038;w=1800&#038;ssl=1 1800w,https:\/\/i0.wp.com\/samuel-loussouarn.com\/wp-content\/uploads\/2023\/12\/1315_thumb.png?strip=info&#038;w=2000&#038;ssl=1 2000w\" alt=\"\" data-height=\"1726\" data-id=\"860\" data-link=\"https:\/\/samuel-loussouarn.com\/index.php\/scenariste-realisateur\/1315_thumb\/\" data-url=\"https:\/\/samuel-loussouarn.com\/wp-content\/uploads\/2023\/12\/1315_thumb.png\" data-width=\"3334\" src=\"https:\/\/i0.wp.com\/samuel-loussouarn.com\/wp-content\/uploads\/2023\/12\/1315_thumb.png?ssl=1\" data-amp-layout=\"responsive\"\/><\/figure><\/div><\/div><\/div><\/div>\n\n\n\n<p class=\"has-white-color has-text-color\">* * *<\/p>\n\n\n\n<p><strong>2020 \u2013 Un plan am\u00e9ricain \u2013 Sc\u00e9nario<\/strong><\/p>\n\n\n\n<p>Court-m\u00e9trage non-produit.<\/p>\n\n\n\n<p><em>Elliott, 12 ans, r\u00eave de s\u00e9duire P\u00e9n\u00e9lope. Malheureusement, sa ville moyenne n\u2019est pas l\u2019environnement le plus glamour. Aid\u00e9 de deux amis et d\u2019un mentor inattendu, il met en sc\u00e8ne un apr\u00e8s-midi romantique digne d\u2019un film hollywoodien. Happy-end inclus, mais pas garanti.<\/em><\/p>\n\n\n\n<p>S\u00e9lections :<\/p>\n\n\n\n<p>2025 Atelier lecture \u00e0 voix haute (La Plateforme)<br>2022 R\u00e9sidence Regards au Studio Nantais (ADEFI\/SoFilm)<br>2022 Finale du concours de sc\u00e9narios du Festival Hotmilk<br>2020 Dispositif de retour sur sc\u00e9nario de L&#8217;ADEFI<br>2020 Dispositif de retour sur sc\u00e9nario de Creative Maker<\/p>\n\n\n\n<div class=\"wp-block-media-text alignwide is-stacked-on-mobile is-vertically-aligned-bottom\"><figure class=\"wp-block-media-text__media\"><img loading=\"lazy\" width=\"1024\" height=\"429\" src=\"https:\/\/samuel-loussouarn.com\/wp-content\/uploads\/2023\/07\/Florida-Effect.jpg\" alt=\"\" class=\"wp-image-824 size-full\" srcset=\"https:\/\/samuel-loussouarn.com\/wp-content\/uploads\/2023\/07\/Florida-Effect.jpg 1024w, https:\/\/samuel-loussouarn.com\/wp-content\/uploads\/2023\/07\/Florida-Effect-300x126.jpg 300w, https:\/\/samuel-loussouarn.com\/wp-content\/uploads\/2023\/07\/Florida-Effect-768x322.jpg 768w, https:\/\/samuel-loussouarn.com\/wp-content\/uploads\/2023\/07\/Florida-Effect-716x300.jpg 716w, https:\/\/samuel-loussouarn.com\/wp-content\/uploads\/2023\/07\/Florida-Effect-600x251.jpg 600w\" sizes=\"(max-width: 1024px) 100vw, 1024px\" \/><\/figure><div class=\"wp-block-media-text__content\">\n<p class=\"has-small-font-size\">The Florida Effect \u2013 Sean Baker<\/p>\n<\/div><\/div>\n\n\n\n<p><\/p>\n\n\n\n<p class=\"has-white-color has-text-color\">* * *<\/p>\n\n\n\n<p><strong>2019 \u2013 Pour ou contre \u2013 Sc\u00e9nario<\/strong><\/p>\n\n\n\n<p>Court m\u00e9trage r\u00e9alis\u00e9 et co-\u00e9crit par S\u00e9bastien Ned dans le cadre du Kino Kabaret 72h du festival SoFilm. <\/p>\n\n\n\n<p>S\u00e9lectionn\u00e9 pour Les Projos de l&#8217;ADEFI 2020.<\/p>\n\n\n\n<p><em>Il veut un enfant. Elle h\u00e9site. Listant les pour et les contre, ils parlent d&#8217;eux-m\u00eames et de l&#8217;enfant \u00e0 na\u00eetre.<\/em><\/p>\n\n\n\n<div class=\"wp-block-media-text alignwide is-stacked-on-mobile\"><figure class=\"wp-block-media-text__media\"><img loading=\"lazy\" width=\"1024\" height=\"576\" src=\"https:\/\/samuel-loussouarn.com\/wp-content\/uploads\/2023\/07\/Capture-de\u0301cran-2023-07-27-a\u0300-10.21.21-1024x576.png\" alt=\"\" class=\"wp-image-825 size-full\" srcset=\"https:\/\/samuel-loussouarn.com\/wp-content\/uploads\/2023\/07\/Capture-de\u0301cran-2023-07-27-a\u0300-10.21.21-1024x576.png 1024w, https:\/\/samuel-loussouarn.com\/wp-content\/uploads\/2023\/07\/Capture-de\u0301cran-2023-07-27-a\u0300-10.21.21-300x169.png 300w, https:\/\/samuel-loussouarn.com\/wp-content\/uploads\/2023\/07\/Capture-de\u0301cran-2023-07-27-a\u0300-10.21.21-768x432.png 768w, https:\/\/samuel-loussouarn.com\/wp-content\/uploads\/2023\/07\/Capture-de\u0301cran-2023-07-27-a\u0300-10.21.21-1536x865.png 1536w, https:\/\/samuel-loussouarn.com\/wp-content\/uploads\/2023\/07\/Capture-de\u0301cran-2023-07-27-a\u0300-10.21.21-2048x1153.png 2048w, https:\/\/samuel-loussouarn.com\/wp-content\/uploads\/2023\/07\/Capture-de\u0301cran-2023-07-27-a\u0300-10.21.21-533x300.png 533w, https:\/\/samuel-loussouarn.com\/wp-content\/uploads\/2023\/07\/Capture-de\u0301cran-2023-07-27-a\u0300-10.21.21-600x338.png 600w\" sizes=\"(max-width: 1024px) 100vw, 1024px\" \/><\/figure><div class=\"wp-block-media-text__content\">\n<p class=\"has-large-font-size\"><\/p>\n<\/div><\/div>\n","protected":false},"excerpt":{"rendered":"<p>2023 \u2013 Un Coca, deux pailles \u2013 Sc\u00e9nario, r\u00e9alisation, montage, composition Court-m\u00e9trage autoproduit (7&#8217;17 min). R\u00e9alis\u00e9 dans le cadre du Labo de Creative Maker. Un homme et une femme sont dans un caf\u00e9.C\u2019est un rendez-vous amoureux.On dirait une mise en sc\u00e8ne.On dirait deux adolescents\u2026 Festivals : 01\/2024 Kino Pop Paname, Paris02\/2024 Courts en Folie, Angers03\/2024 [&hellip;]<\/p>\n","protected":false},"author":1,"featured_media":0,"parent":0,"menu_order":0,"comment_status":"closed","ping_status":"closed","template":"","meta":{"spay_email":""},"_links":{"self":[{"href":"https:\/\/samuel-loussouarn.com\/index.php\/wp-json\/wp\/v2\/pages\/822"}],"collection":[{"href":"https:\/\/samuel-loussouarn.com\/index.php\/wp-json\/wp\/v2\/pages"}],"about":[{"href":"https:\/\/samuel-loussouarn.com\/index.php\/wp-json\/wp\/v2\/types\/page"}],"author":[{"embeddable":true,"href":"https:\/\/samuel-loussouarn.com\/index.php\/wp-json\/wp\/v2\/users\/1"}],"replies":[{"embeddable":true,"href":"https:\/\/samuel-loussouarn.com\/index.php\/wp-json\/wp\/v2\/comments?post=822"}],"version-history":[{"count":16,"href":"https:\/\/samuel-loussouarn.com\/index.php\/wp-json\/wp\/v2\/pages\/822\/revisions"}],"predecessor-version":[{"id":901,"href":"https:\/\/samuel-loussouarn.com\/index.php\/wp-json\/wp\/v2\/pages\/822\/revisions\/901"}],"wp:attachment":[{"href":"https:\/\/samuel-loussouarn.com\/index.php\/wp-json\/wp\/v2\/media?parent=822"}],"curies":[{"name":"wp","href":"https:\/\/api.w.org\/{rel}","templated":true}]}}