{"id":587,"date":"2021-09-01T11:37:15","date_gmt":"2021-09-01T09:37:15","guid":{"rendered":"https:\/\/samuel-loussouarn.com\/index.php\/product\/hoodie-with-logo\/"},"modified":"2026-01-24T02:48:52","modified_gmt":"2026-01-24T01:48:52","slug":"guide-surf","status":"publish","type":"product","link":"https:\/\/samuel-loussouarn.com\/index.php\/product\/guide-surf\/","title":{"rendered":"Guide du surfeur des ann\u00e9es 80"},"content":{"rendered":"<div id=\"fb-root\"><\/div>\n<p>Encore un livre sur le surf\u00a0? Oui, mais un livre <strong><em>fun<\/em> et d\u00e9cal\u00e9 !<\/strong><\/p>\n<p>T\u00e9moignage d\u2019une \u00e9poque r\u00e9volue, le<strong><em> Guide du surfeur des ann\u00e9es 80<\/em><\/strong> vous fera vivre (ou revivre) le charme de la discipline telle qu\u2019elle existait dans les <em>eighties<\/em>, avant les progr\u00e8s technologiques et les spots bond\u00e9s.<\/p>\n<p>Si cet ouvrage vous met dans la peau d\u2019un <strong>surfeur <em>vintage<\/em><\/strong>, c\u2019est pour mieux faire \u00e9merger <strong>l\u2019\u00e2me<\/strong> de ce loisir, de ce sport, de cette passion qu\u2019est le surf.<\/p>\n<p>&nbsp;<\/p>\n<p><img loading=\"lazy\" class=\"alignleft wp-image-730\" src=\"https:\/\/samuel-loussouarn.com\/wp-content\/uploads\/2021\/12\/Kiki-medaillon-tiers-200x300.jpg\" alt=\"\" width=\"75\" height=\"112\" srcset=\"https:\/\/samuel-loussouarn.com\/wp-content\/uploads\/2021\/12\/Kiki-medaillon-tiers-200x300.jpg 200w, https:\/\/samuel-loussouarn.com\/wp-content\/uploads\/2021\/12\/Kiki-medaillon-tiers-683x1024.jpg 683w, https:\/\/samuel-loussouarn.com\/wp-content\/uploads\/2021\/12\/Kiki-medaillon-tiers-768x1151.jpg 768w, https:\/\/samuel-loussouarn.com\/wp-content\/uploads\/2021\/12\/Kiki-medaillon-tiers-1025x1536.jpg 1025w, https:\/\/samuel-loussouarn.com\/wp-content\/uploads\/2021\/12\/Kiki-medaillon-tiers-1366x2048.jpg 1366w, https:\/\/samuel-loussouarn.com\/wp-content\/uploads\/2021\/12\/Kiki-medaillon-tiers-600x899.jpg 600w, https:\/\/samuel-loussouarn.com\/wp-content\/uploads\/2021\/12\/Kiki-medaillon-tiers-scaled.jpg 1708w\" sizes=\"(max-width: 75px) 100vw, 75px\" \/><\/p>\n<p><strong>Christophe \u00ab\u00a0Kiki\u00a0\u00bb Rondeleux<\/strong> sera votre guide au fil des pages. Surfeur <em>since 1980<\/em>, premier Vend\u00e9en s\u00e9lectionn\u00e9 aux championnats de France de surf, personnage haut en couleurs, il tient aujourd\u2019hui un surf shop avec vue sur la baie des Sables d\u2019Olonne. Si vous ne lui avez jamais achet\u00e9 un pain de <em>wax<\/em>, c\u2019est que vous n\u2019avez jamais surf\u00e9 dans les parages.<\/p>\n<p><strong><img loading=\"lazy\" class=\"wp-image-655 alignright\" src=\"https:\/\/samuel-loussouarn.com\/wp-content\/uploads\/2021\/09\/cropped-Sam-me\u0301daillon-couv-200x300.jpg\" alt=\"\" width=\"75\" height=\"112\" srcset=\"https:\/\/samuel-loussouarn.com\/wp-content\/uploads\/2021\/09\/cropped-Sam-me\u0301daillon-couv-200x300.jpg 200w, https:\/\/samuel-loussouarn.com\/wp-content\/uploads\/2021\/09\/cropped-Sam-me\u0301daillon-couv-683x1024.jpg 683w, https:\/\/samuel-loussouarn.com\/wp-content\/uploads\/2021\/09\/cropped-Sam-me\u0301daillon-couv-768x1151.jpg 768w, https:\/\/samuel-loussouarn.com\/wp-content\/uploads\/2021\/09\/cropped-Sam-me\u0301daillon-couv-1025x1536.jpg 1025w, https:\/\/samuel-loussouarn.com\/wp-content\/uploads\/2021\/09\/cropped-Sam-me\u0301daillon-couv-1367x2048.jpg 1367w, https:\/\/samuel-loussouarn.com\/wp-content\/uploads\/2021\/09\/cropped-Sam-me\u0301daillon-couv-600x899.jpg 600w, https:\/\/samuel-loussouarn.com\/wp-content\/uploads\/2021\/09\/cropped-Sam-me\u0301daillon-couv.jpg 1454w\" sizes=\"(max-width: 75px) 100vw, 75px\" \/>Samuel Loussouarn<\/strong> est auteur et traducteur. Surfeur amateur depuis ses ann\u00e9es n\u00e9o-z\u00e9landaises, premier Vend\u00e9en auteur d\u2019une trilogie dans l\u2019univers du rugby (<em>All Blacks Academy<\/em>, Hachette) et d\u2019une com\u00e9die romantique <em>rock<\/em> (<em>Ma playlist pour un French kiss<\/em>, Nathan), il vit entre Nantes et les spots vend\u00e9ens. <em>sa<\/em><em>muel-loussouarn.com\u00a0<\/em><\/p>\n<p>&nbsp;<\/p>\n<p><strong>PR\u00c9SENTATION<\/strong><\/p>\n<div class=\"jetpack-video-wrapper\"><iframe loading=\"lazy\" title=\"Guide du surfeur des ann\u00e9es 80 \u2013 Le livre feuillet\u00e9\" width=\"900\" height=\"506\" src=\"https:\/\/www.youtube.com\/embed\/_sJHgQvufcI?feature=oembed\" frameborder=\"0\" allow=\"accelerometer; autoplay; clipboard-write; encrypted-media; gyroscope; picture-in-picture\" allowfullscreen><\/iframe><\/div>\n<p>&nbsp;<\/p>\n<p><strong>BANDE ANNONCE<\/strong><\/p>\n<div class=\"jetpack-video-wrapper\"><iframe loading=\"lazy\" title=\"Guide du surfeur des ann\u00e9es 80 (bande annonce)\" width=\"900\" height=\"506\" src=\"https:\/\/www.youtube.com\/embed\/7T2kQvD4RAk?start=3&#038;feature=oembed\" frameborder=\"0\" allow=\"accelerometer; autoplay; clipboard-write; encrypted-media; gyroscope; picture-in-picture\" allowfullscreen><\/iframe><\/div>\n<p>&nbsp;<\/p>\n<p><strong>D\u00c9TAILS<br \/>\n<\/strong><\/p>\n<p>Environ 96 pages, noir et blanc<\/p>\n<p>Couverture couleur<\/p>\n<p>Format poche atypique (16&#215;12,5cm)<\/p>\n<p>Local (impression \u00e0 moins de 50km des spots vend\u00e9ens)<\/p>\n<p>\u00c9co-responsable (papier PEFC issu d\u2019une gestion foresti\u00e8re durable)<\/p>\n<div class=\"jetpack-video-wrapper\"><iframe loading=\"lazy\" title=\"Un guide du surfeur des ann\u00e9es 80\" width=\"900\" height=\"506\" src=\"https:\/\/www.youtube.com\/embed\/cxWhLPTQwyI?start=21&#038;feature=oembed\" frameborder=\"0\" allow=\"accelerometer; autoplay; clipboard-write; encrypted-media; gyroscope; picture-in-picture\" allowfullscreen><\/iframe><\/div>\n<p>&nbsp;<\/p>\n<p><strong>CONTENU<\/strong><\/p>\n<p><strong>Sommaire :<br \/>\n<\/strong><\/p>\n<p>1. Choisir son surf shop<\/p>\n<p>2. Construire son quiver<\/p>\n<p>3. \u00ab\u00a0Shaper\u00a0\u00bb sa planche<\/p>\n<p>4. Choisir son mat\u00e9riel<\/p>\n<p>5. Pr\u00e9voir les conditions m\u00e9t\u00e9o<\/p>\n<p>6. Apprendre le surf<\/p>\n<p>7. Se faire une place au line-up<\/p>\n<p>8. S\u2019int\u00e9grer \u00e0 la communaut\u00e9<\/p>\n<p>9. Partir en surf trip<\/p>\n<p>10. Survivre \u00e0 un wipe-out<\/p>\n<p>11. Prendre un tube<\/p>\n<p>12. Arr\u00eater le surf<\/p>\n<p>13. La Vend\u00e9e<\/p>\n<p>14. Le \u00ab Sud\u00a0\u00bb<\/p>\n<p>15. Les \u00c9tats-Unis<\/p>\n<p>16. La comp\u00e9tition<\/p>\n<p>17. Le sponsoring<\/p>\n<p>18. Les l\u00e9gendes du surf<\/p>\n<p>19. La diversit\u00e9 au line-up<\/p>\n<p>20. Trente ans plus tard\u2026<\/p>\n<p>&nbsp;<\/p>\n<p><strong>Extrait du chapitre <em>Pr\u00e9voir les conditions m\u00e9t\u00e9o<\/em> :<\/strong><\/p>\n<p>Internet n\u2019existe pas. Le minitel non plus. Pas le moindre 3615 Pr\u00e9visions-Surf \u00e0 se mettre sous la dent. Le soir au JT de 20 h, Yves Mourousi ne parle pas des conditions \u00e0 La Sauzaie. Comme si les diamants de Giscard et le dernier tube de Sardou importaient plus\u00a0!<\/p>\n<p>Kiki les bons tuyaux sait o\u00f9 se fournir. Radio-r\u00e9veil r\u00e9gl\u00e9 \u00e0 7 h du matin, tuner positionn\u00e9 sur les grandes ondes, fr\u00e9quence de France Inter\u00a0: trente secondes cruciales \u00e0 ne surtout pas manquer car le replay n\u2019a pas encore \u00e9t\u00e9 invent\u00e9. C\u2019est l\u2019heure de la m\u00e9t\u00e9o marine. L\u2019espace maritime est divis\u00e9 en plusieurs zones (Dogger, Fisher, Humber, Ouessant, Pazenn, Viking\u2026). Les p\u00eacheurs chaumois et gillocruciens sont \u00e0 l\u2019\u00e9coute. De rares oreilles de surfeurs se m\u00ealent \u00e0 l\u2019auditoire. Celles de Kiki sont aux aguets. Les conditions au nord et \u00e0 l\u2019ouest de l\u2019Irlande pr\u00e9figurent celles du littoral vend\u00e9en. Turfiste du surf, Kiki pronostique les vagues des jours \u00e0 venir en se basant sur ce bulletin m\u00e9t\u00e9o.<\/p>\n<p>Il faut affiner la pr\u00e9vision. Direction le bureau de tabac, tourniquet des journaux. Kiki ouvre Le Monde \u00e0 la page de la carte isobarique. Il \u00e9carquille les yeux en d\u00e9couvrant le seul v\u00e9ritable scoop propos\u00e9 par le quotidien\u00a0: grosse d\u00e9pression en approche. Il recoupe les informations du journal et de la radio. La conclusion est sans appel. La session du lendemain va \u00eatre bath\u00a0!<\/p>\n<p><img loading=\"lazy\" class=\"alignnone size-medium wp-image-589\" src=\"http:\/\/samuel-loussouarn.com\/wp-content\/uploads\/2021\/09\/Kiki-Van-Gogh-copie-198x300.jpg\" alt=\"\" width=\"198\" height=\"300\" srcset=\"https:\/\/samuel-loussouarn.com\/wp-content\/uploads\/2021\/09\/Kiki-Van-Gogh-copie-198x300.jpg 198w, https:\/\/samuel-loussouarn.com\/wp-content\/uploads\/2021\/09\/Kiki-Van-Gogh-copie-scaled-600x911.jpg 600w, https:\/\/samuel-loussouarn.com\/wp-content\/uploads\/2021\/09\/Kiki-Van-Gogh-copie-674x1024.jpg 674w, https:\/\/samuel-loussouarn.com\/wp-content\/uploads\/2021\/09\/Kiki-Van-Gogh-copie-768x1166.jpg 768w, https:\/\/samuel-loussouarn.com\/wp-content\/uploads\/2021\/09\/Kiki-Van-Gogh-copie-1012x1536.jpg 1012w, https:\/\/samuel-loussouarn.com\/wp-content\/uploads\/2021\/09\/Kiki-Van-Gogh-copie-1349x2048.jpg 1349w, https:\/\/samuel-loussouarn.com\/wp-content\/uploads\/2021\/09\/Kiki-Van-Gogh-copie-scaled.jpg 1686w\" sizes=\"(max-width: 198px) 100vw, 198px\" \/><em> Kiki en mode shapeur amateur (circa 1981). Stratification&#8230; au pinceau !<\/em><\/p>\n<p><img loading=\"lazy\" class=\"alignnone wp-image-679 size-full\" src=\"https:\/\/samuel-loussouarn.com\/wp-content\/uploads\/2021\/09\/20210907_101448-scaled.jpg\" alt=\"\" width=\"2560\" height=\"1920\" srcset=\"https:\/\/samuel-loussouarn.com\/wp-content\/uploads\/2021\/09\/20210907_101448-scaled.jpg 2560w, https:\/\/samuel-loussouarn.com\/wp-content\/uploads\/2021\/09\/20210907_101448-300x225.jpg 300w, https:\/\/samuel-loussouarn.com\/wp-content\/uploads\/2021\/09\/20210907_101448-1024x768.jpg 1024w, https:\/\/samuel-loussouarn.com\/wp-content\/uploads\/2021\/09\/20210907_101448-768x576.jpg 768w, https:\/\/samuel-loussouarn.com\/wp-content\/uploads\/2021\/09\/20210907_101448-1536x1152.jpg 1536w, https:\/\/samuel-loussouarn.com\/wp-content\/uploads\/2021\/09\/20210907_101448-2048x1536.jpg 2048w, https:\/\/samuel-loussouarn.com\/wp-content\/uploads\/2021\/09\/20210907_101448-400x300.jpg 400w, https:\/\/samuel-loussouarn.com\/wp-content\/uploads\/2021\/09\/20210907_101448-600x450.jpg 600w\" sizes=\"(max-width: 2560px) 100vw, 2560px\" \/> <em>Ouest France, 07\/09\/2021<\/em><\/p>\n<p>Disponible sur ce site (lien ci-dessus) et en magasin (de Biarritz \u00e0 Nantes).<\/p>\n<p>Carte des points de vente : <a href=\"https:\/\/www.google.com\/maps\/d\/u\/0\/edit?mid=1BTOmCh0dm7BwMYI5wvNno965jhG9OiJV&amp;usp=sharing\">https:\/\/www.google.com\/maps\/d\/u\/0\/edit?mid=1BTOmCh0dm7BwMYI5wvNno965jhG9OiJV&amp;usp=sharing<\/a><\/p>\n<p>&nbsp;<\/p>\n","protected":false},"excerpt":{"rendered":"<p>Guide d\u00e9cal\u00e9 \/ T\u00e9moignage nostalgique \/ Lecture glassy<\/p>\n","protected":false},"featured_media":591,"comment_status":"open","ping_status":"closed","template":"","meta":{"spay_email":""},"product_cat":[20],"product_tag":[23,21,25,24,22],"_links":{"self":[{"href":"https:\/\/samuel-loussouarn.com\/index.php\/wp-json\/wp\/v2\/product\/587"}],"collection":[{"href":"https:\/\/samuel-loussouarn.com\/index.php\/wp-json\/wp\/v2\/product"}],"about":[{"href":"https:\/\/samuel-loussouarn.com\/index.php\/wp-json\/wp\/v2\/types\/product"}],"replies":[{"embeddable":true,"href":"https:\/\/samuel-loussouarn.com\/index.php\/wp-json\/wp\/v2\/comments?post=587"}],"wp:featuredmedia":[{"embeddable":true,"href":"https:\/\/samuel-loussouarn.com\/index.php\/wp-json\/wp\/v2\/media\/591"}],"wp:attachment":[{"href":"https:\/\/samuel-loussouarn.com\/index.php\/wp-json\/wp\/v2\/media?parent=587"}],"wp:term":[{"taxonomy":"product_cat","embeddable":true,"href":"https:\/\/samuel-loussouarn.com\/index.php\/wp-json\/wp\/v2\/product_cat?post=587"},{"taxonomy":"product_tag","embeddable":true,"href":"https:\/\/samuel-loussouarn.com\/index.php\/wp-json\/wp\/v2\/product_tag?post=587"}],"curies":[{"name":"wp","href":"https:\/\/api.w.org\/{rel}","templated":true}]}}